 126*p + 1073. What is d(-8)?
1
Let t(g) = g**2 + 57*g + 69. What is t(-60)?
249
Let f(t) = 39*t + 20. What is f(-2)?
-58
Let n(u) = -210*u + 1582. What is n(10)?
-518
Let y(i) = 36*i - 103. Give y(7).
149
Let d(c) = c**3 + 10*c**2 - 40*c - 8. What is d(-13)?
5
Let h(f) = -38*f - 1007. Determine h(-26).
-19
Let k(q) = -2*q**3 - 53*q**2 - 26*q + 5. Determine k(-26).
5
Let x(f) = 3*f**3 + 141*f**2 + 139*f + 170. What is x(-46)?
124
Let c(o) = -o**3 + 16*o**2 - 5*o + 43. What is c(16)?
-37
Let i(s) = 23*s + 332. What is i(-14)?
10
Let y(s) = s**3 - 17*s**2 - 5*s + 56. Calculate y(17).
-29
Let f(n) = -17*n**2 - 43*n + 3. Calculate f(2).
-151
Let x(k) = 498*k + 10457. What is x(-21)?
-1
Let m(q) = -q**3 + 12*q**2 + 29*q + 29. What is m(13)?
237
Let k(x) = -16*x**2 - 4*x - 14. What is k(-4)?
-254
Let b(z) = -4*z**3 - 10*z**2 + 4*z + 11. What is b(-3)?
17
Let b(f) = f**2 - 432*f + 31522. Calculate b(93).
-5
Let z(m) = m**3 + 3*m**2 + 14*m + 8. Determine z(-7).
-286
Let z(y) = 1387*y - 5566. Give z(4).
-18
Let a(h) = -h**2 + 13*h + 249. Give a(-10).
19
Let j(l) = 2*l**2 - 281*l - 2064. Calculate j(-7).
1
Let m(a) = a**3 + a**2 - 23*a - 16. What is m(-5)?
-1
Let i(s) = -35*s + 573. Give i(18).
-57
Let z(l) = -15*l - 22. What is z(-1)?
-7
Let z(a) = -3*a**3 - 39*a**2 - 4*a + 20. Give z(-13).
72
Let o(r) = -2*r**3 + 13*r**2 + 9*r - 12. Calculate o(6).
78
Let c(l) = 6*l**2 - 42*l + 209. Give c(9).
317
Let h(i) = -i**3 - 12*i**2 - 9*i + 14. What is h(-8)?
-170
Let p(q) = q**3 - 12*q**2 + 14*q - 387. What is p(13)?
-36
Let x(q) = 57*q - 4020. Give x(71).
27
Let q(f) = 25*f**2 - 24*f + 24. Calculate q(1).
25
Let f(a) = -208*a + 1502. Calculate f(7).
46
Let u(a) = -a**3 - 26*a**2 - 2*a - 15. Calculate u(-26).
37
Let c(x) = x**3 + 13*x**2 + 111*x + 1465. Give c(-13).
22
Let r(t) = t**3 - 35*t**2 - 623*t - 55. Calculate r(48).
-7
Let k(z) = -2*z**2 + 31*z + 373. Give k(-9).
-68
Let j(d) = -d**3 + 15*d**2 - 39*d + 128. What is j(11)?
183
Let m(o) = o**3 + 12*o**2 + o - 40. Determine m(-12).
-52
Let n(w) = 89*w + 228. What is n(-3)?
-39
Let k(s) = s**3 - 9*s**2 - 410*s - 83. What is k(-16)?
77
Let d(n) = -190*n**2 + 177*n + 4. Determine d(1).
-9
Let i(q) = 10*q + 97. Give i(-12).
-23
Let v(p) = -2672*p + 8045. Calculate v(3).
29
Let p(q) = 5*q**2 + 97*q - 16. Calculate p(0).
-16
Let b(f) = f**3 + 2*f**2 - 22*f - 34. Calculate b(-6).
-46
Let l(v) = -411*v - 1667. Determine l(-4).
-23
Let g(u) = u**3 + 29*u**2 + 63*u + 2. Give g(-26).
392
Let p(m) = -m**2 + 23*m - 375. Give p(21).
-333
Let i(s) = -20*s + 110. Give i(41).
-710
Let l(m) = 18*m**3 + 71*m**2 - 6*m - 7. Give l(-4).
1
Let p(k) = 7*k**3 - 34*k - 50. What is p(-4)?
-362
Let k(w) = w**3 + 18*w**2 + 3*w + 18. Give k(-18).
-36
Let y(r) = r**3 - 35*r**2 - r - 138. Calculate y(35).
-173
Let h(x) = -x**3 - 55*x**2 + 239*x + 179. What is h(-59)?
2
Let a(d) = 19*d**2 + 21*d + 39. Calculate a(-8).
1087
Let v(f) = -f**2 - 282*f - 5480. Calculate v(-21).
1
Let y(u) = -34658*u + 11. What is y(0)?
11
Let d(x) = 268*x - 2935. Determine d(11).
13
Let o(a) = -20*a**3 - a**2 + 4*a + 4. Give o(-1).
19
Let x(q) = 2*q**3 + 42*q**2 + 26*q + 28. Calculate x(-21).
-518
Let w(c) = -2903*c - 39. Give w(0).
-39
Let r(v) = -4*v**3 - 298*v**2 - 131*v + 1266. Calculate r(-74).
8
Let o(a) = -3*a**2 + 175*a - 111. What is o(57)?
117
Let q(f) = 34*f - 129. Calculate q(5).
41
Let t(p) = 123*p - 2871. Give t(24).
81
Let l(d) = -21*d + 147. Calculate l(8).
-21
Let o(c) = -114*c + 5879. What is o(52)?
-49
Let j(k) = k**3 - 14*k**2 - 20*k - 30. Give j(8).
-574
Let y(b) = -39*b + 7283. Determine y(186).
29
Let u(w) = -255*w + 13334. Give u(52).
74
Let t(i) = -2*i**3 + 23*i**2 - 43*i + 4. Calculate t(2).
-6
Let c(x) = -14*x**2 + 127*x - 10. What is c(9)?
-1
Let q(v) = -v**3 + 19*v**2 - 74*v + 47. What is q(14)?
-9
Let h(v) = 5*v**3 + 5*v**2 + 29*v + 70. Determine h(-3).
-107
Let a(m) = 3*m**2 - 48*m + 241. Determine a(14).
157
Let k(l) = 5*l**2 + 72*l - 13. Calculate k(-13).
-104
Let r(w) = -8*w**2 + 949*w + 360. Determine r(119).
3
Let z(l) = -2*l**2 + 570*l - 6035. Calculate z(11).
-7
Let a(s) = 3*s**2 - 82*s - 24. Give a(28).
32
Let w(i) = -3*i**2 - 471*i + 5545. What is w(11)?
1
Let b(q) = -q**3 + 60*q**2 + 4*q - 184. Determine b(60).
56
Let m(f) = 7*f**2 - 30*f - 9. Give m(3).
-36
Let k(z) = z**3 - 6*z**2 - 56*z - 185. Calculate k(12).
7
Let n(v) = -v**3 - 16*v**2 - 88*v + 6. What is n(-6)?
174
Let k(z) = -z + 243. What is k(13)?
230
Let h(c) = c**3 - 49*c**2 - 603*c + 762. What is h(59)?
-5
Let c(q) = -q**3 - 43*q**2 - 46*q - 231. Give c(-42).
-63
Let k(o) = -o**3 - 19*o**2 - 22*o + 42. Calculate k(-19).
460
Let r(t) = 7*t**2 - 303*t + 82. Calculate r(43).
-4
Let m(p) = p**3 - 16*p**2 - 40*p + 49. Calculate m(18).
-23
Let w(x) = 94*x**2 - 2*x + 1. Determine w(-1).
97
Let u(b) = -218*b - 5242. Determine u(-25).
208
Let m(s) = 113*s - 3373. Determine m(30).
17
Let n(c) = -28*c**3 - 5*c**2 + c + 4. Determine n(2).
-238
Let j(u) = -u**2 - 83*u - 597. What is j(-8)?
3
Let c(y) = -156*y - 19824. Give c(-127).
-12
Let k(w) = 6*w + 14. Give k(2).
26
Let a(u) = -2*u**2 + 95*u - 745. Give a(39).
-82
Let s(y) = y**2 + 129*y - 2476. Calculate s(-146).
6
Let f(a) = -10*a**3 - 5*a**2 + 70*a + 76. Give f(-1).
11
Let l(f) = -138*f + 12843. Give l(93).
9
Let q(o) = -8*o**3 + 5*o**2 + 4*o - 3. What is q(-1)?
6
Let o(v) = -36*v - 352. Determine o(7).
-604
Let u(d) = 21*d - 548. What is u(37)?
229
Let d(w) = -w**3 - 15*w**2 - 39*w - 141. Determine d(-13).
28
Let u(g) = -g**3 + g**2 - 3*g - 13. Calculate u(0).
-13
Let w(y) = -20*y - 25. What is w(-3)?
35
Let b(d) = 215*d + 9744. Calculate b(-45).
69
Let p(r) = -26*r - 1392. Give p(-55).
38
Let c(u) = 4*u**2 + 130*u + 777. Calculate c(-8).
-7
Let k(z) = 161*z + 4183. Give k(-26).
-3
Let f(y) = -y**3 - 15*y**2 - 9*y - 111. Calculate f(-15).
24
Let w(u) = 2*u**3 - 30*u**2 + 33*u - 69. Give w(14).
1
Let n(g) = g**3 + 17*g**2 + 7*g + 48. Give n(-17).
-71
Let y(v) = -v**3 - 42*v**2 - 37*v - 1560. Calculate y(-42).
-6
Let t(f) = -2*f**3 - 35*f**2 + 19*f + 9. What is t(-18)?
-9
Let s(l) = -9*l**3 + 3*l**2 - 7*l + 8. Calculate s(3).
-229
Let r(i) = 2*i - 19. Determine r(3).
-13
Let q(m) = -1208*m - 2461. What is q(-2)?
-45
Let x(r) = -r**3 - 15*r**2 - 42*r + 21. Determine x(-11).
-1
Let n(h) = -h**3 + 32*h**2 - 7*h - 773. What is n(31)?
-29
Let u(a) = -a**3 + 6*a**2 - 17*a - 354. What is u(-5)?
6
Let v(f) = f**3 + f**2 - f + 15. What is v(0)?
15
Let v(i) = 2*i**3 + 27*i**2 + 17*i + 26. Give v(-13).
-26
Let l(s) = s**3 + 15*s**2 - 692*s - 164. Give l(20).
-4
Let i(d) = -10648*d + 330093. What is i(31)?
5
Let l(z) = -z**2 - 68*z - 860. Give l(-16).
-28
Let s(d) = 41*d - 847. Calculate s(21).
14
Let l(z) = 641*z - 5764. Give l(9).
5
Let t(l) = -227*l**2 + 7716*l + 75. Calculate t(34).
7
Let v(j) = j**2 + 296*j - 893. Give v(3).
4
Let p(n) = -2*n**3 - 69*n**2 + 525*n - 330. Give p(-41).
-2
Let t(c) = -c**3 + 23*c**2 - 7*c + 184. Give t(23).
23
Let v(s) = -s**3 + 51*s**2 - 39*s - 319. What is v(50)?
231
Let a(d) = 4*d**2 - 5311*d + 10616. Give a(2).
10
Let f(m) = 6*m**3 - 9*m**2 - 27*m - 60. Determine f(-3).
-222
Let u(h) = -560*h - 30238. Calculate u(-54).
2
Let d(j) = -21*j**2 - 10*j - 29. Calculate d(-2).
-93
Let i(q) = -q**3 - 34*q**2 - 270*q + 66. Determine i(-21).
3
Let x(v) = -v**3 - v**2 + 100*v - 98. What is x(-11)?
12
Let g(m) = m**2 + 59*m + 775. Determine g(-20).
-5
Let v(i) = i**3 + 8*i**2 - 75*i + 40. Determine v(5).
-10
Let x(p) = -105*p**2 - 496*p + 142. Calculate x(-5).
-3
Let z(a) = a**3 + 49*a**2 + 4*a + 205. Give z(-49).
9
Let z(q) = -q**3 - 57*q**2 - 116*q - 333. Calculate z(-55).
-3
Let l(m) = m**2 + 27*m + 160. Calculate l(-18).
-2
Let x(v) = -11*v - 180. Calculate x(-13).
-37
Let v(q) = 12*q**2 + 95*q - 835. Calculate v(-13).
-42
Let z(a) = -7*a**2 + 147*a - 370. Give z(18).
8
Let y(g) = -3*g**2 + 21*g - 66. Determine y(13).
-300
Let r(h) = 50*h**2 + 259*h + 40. What is r(-5)?
-5
Let k(v) = 10*v**2 - 26*v - 188. Calculate k(-5).
192
Let r(k) = -59*k - 830. Determine r(-14).
-4
Let y(c) = 5*c**2 + 54*c + 165. Determine y(-6).
21
Let f(a) = 3*a**3 + 18*a**2 - 14*a + 73. What is f(-7)?
24
Let q(n) = 3873*n - 77. Calculate q(0).
-77
Let n(j) = j**3 - 8*j**2 - 7*j + 104. Determine n(6).
-10
Let w(k)